 + 4. Calculate b(m).
-2
Let t = 824/15 + -6587/120. Let b(m) be the third derivative of t*m**4 + 4/3*m**3 + 0 + 0*m - 20*m**2. What is b(-8)?
0
Let f(g) = -3*g**2 + 1. Suppose 12 = -2*q + 5*q - 2*v, 0 = -2*v. Suppose -q*n + 33 = 5*b + 14, 3*b - 12 = -3*n. Give f(n).
-2
Let a = -11766 - -11756. Let p(l) = -4*l - 14. Determine p(a).
26
Suppose -9*g - 64 = 26. Let m(q) = -q**2 - 7*q + 24. Determine m(g).
-6
Let x be (-12)/(-18)*-18 - (3 - 9). Let k = 4 - -1. Let v(m) = 3*m + 1 - k*m**2 - 7*m**3 + 11*m**3 - 3*m**3 - 2*m**3. Calculate v(x).
19
Let r(m) be the first derivative of -m**4/6 + 11*m**3/3 - 7*m**2 - 22*m - 234. Let w(u) be the first derivative of r(u). What is w(10)?
6
Let k(q) be the first derivative of q**2 - 81*q + 8601. Give k(42).
3
Let n(t) = 6*t**2. Suppose -3*j + 2*m + 0*m + 1 = 0, 5*j + 5*m - 35 = 0. Suppose 177*k = 180*k + j. Give n(k).
6
Let q(f) = f**2 + 9*f + 43. Let o be q(-4). Let u(i) = -21 - 32 + 4*i - o + 78. Determine u(5).
22
Suppose -5*b = 5*m - 735, 5*b = 5*m - 151 - 634. Suppose -m*n = -156*n + 16. Let t(y) = -y**3 + 3*y**2 + 3*y - 2. Give t(n).
-6
Let b(c) = -3*c**2 + 68*c - 44. Suppose 14*z - 9*z - 111 = q, -z + 2*q = -24. Determine b(z).
0
Let q(h) = -h**3 + 6*h**2 - 15. Let r(x) = -36*x + 257. Let a be r(7). Calculate q(a).
10
Let q be (-7)/(-2) - (-18)/(-6 + 42). Let u(j) = -46*j - 80. Let o(p) = -26*p - 40. Let c(r) = q*u(r) - 7*o(r). Determine c(-22).
4
Let f be 23 - ((-5)/1)/1. Let g be 2/4 + (-154)/f. Let b(j) = 26*j + 4. Let z(r) = -5*r - 1. Let x(p) = -3*b(p) - 16*z(p). Calculate x(g).
-6
Let i(p) = -4*p - 18. Let h(z) = z + 4. Suppose 2*w - 10*w = -144. Let x(s) = w*h(s) + 4*i(s). Give x(-2).
-4
Let f(s) be the second derivative of s**3/6 - 3*s**2/2 - 24*s + 2. Suppose -45 = -12*w + 3. What is f(w)?
1
Let g(h) be the third derivative of h**5/60 + h**4/6 - 31*h**3/3 - 1872*h**2. Determine g(5).
-17
Let i(d) = 2*d**2 + 22*d + 21. Let y = 901 - 911. Determine i(y).
1
Suppose -75 = -7*k + 51. Let l be 4/k + 2665/(-369). Let v(b) be the second derivative of b**3/6 + b**2 + 10*b. Calculate v(l).
-5
Let o(b) be the second derivative of -b**5/20 + 5*b**4/12 + b**3/2 - 3*b**2 + b + 46. Suppose 0 = 3*w + 4 - 19. Determine o(w).
9
Let y be (-1)/(6/(-4) - -1). Let s(b) = -y - 3*b - 2 + 5 + 8*b. Let w be 6*-2*(-1)/(-4) + 5. Determine s(w).
11
Let s = -23 - -40. Suppose m + s - 53 = -4*i, 3*i - 4 = 5*m. Let g(w) = -523*w + 3 + i + 524*w. Calculate g(-8).
3
Let i(d) be the first derivative of d**3/3 + 6*d**2 + 33*d - 73. Calculate i(-5).
-2
Let g(q) = q**2 + q. Let w(t) = -7*t**2 - 4*t + 1. Let n be -3 - (-1 + 0 + -1). Let x(k) = n*w(k) - 6*g(k). Let h(s) = -s. Let y be h(-3). What is x(y)?
2
Suppose 5*o - 63 = 47. Suppose 3*k + 4*h + 78 + 8 = 0, -4*k = 4*h + 112. Let j = o + k. Let f(g) = 2*g + 5. Calculate f(j).
-3
Let d(i) = i**2 + 4*i - 1. Let m be d(-5). Let o(t) be the second derivative of t**5/20 - t**4/6 - t**3 + t**2/2 - 349228*t. Give o(m).
9
Let y(t) = -2*t**3 + 159*t**2 + 161*t**2 - 466*t**2 + 161*t**2 - 8 + 4*t**3 - 8*t. Calculate y(-8).
-8
Let f(a) = -a**2 + 4*a - 6. Let z = 536 + -519. Suppose 4*g = 3*u + 20, 5*g - 8 = 3*u + z. Determine f(g).
-11
Let y(n) = -n**2 + 28*n - 119. Let s be y(23). Let q(g) = g**2 + g + 4. Calculate q(s).
16
Suppose -5*z + 2*o = 4, -408*o + 402*o = -3*z - 12. Let r(q) = 11*q - 45. Calculate r(z).
-45
Suppose -137*t - 11 = -2*i - 136*t, -i = 3*t + 5. Let o(x) = x**2 - x - 8. Determine o(i).
4
Let r be (-7 - 424/(-56))*(-21)/(-30)*15. Let v(t) = t**2 - 3*t - 10. What is v(r)?
8
Let o(c) = c**2 + 9*c - 40. Let m = 7342 - 7351. What is o(m)?
-40
Let r = -3573 + 3567. Let y(m) = m**3 + 5*m**2 - 7*m - 7. Calculate y(r).
-1
Let m(y) = -5*y + y + 1 + 6*y**2 + 2*y. Suppose -61*k + 2*f + 29 = -58*k, -3*k - 4*f - 49 = 0. Give m(k).
5
Suppose -5*g - 3*d - 34 = 6, -d + 3*d = -20. Let n(z) = 2 + 4*z**2 + 0 - 2*z**2 + z**3. Give n(g).
2
Let c = 4356 - 4353. Let s(a) be the second derivative of -4*a - 1/6*a**c - a**2 + 0. Calculate s(3).
-5
Let p(o) be the third derivative of -2*o**3 + 1/60*o**5 + 0*o + 0 - 13/24*o**4 + 54*o**2. Determine p(14).
2
Let f = -171 + 162. Let o(x) = -x**3 - 9*x**2 - x - 4. Determine o(f).
5
Let b(h) be the third derivative of 0*h - 73*h**2 - 5/24*h**4 + 2/3*h**3 + 0 + 1/60*h**5. What is b(6)?
10
Suppose 6*g + 17 + 49 = 0. Let q(m) = -13*m - 23. Let l(k) = 7*k + 12. Let y(r) = g*l(r) - 6*q(r). Calculate y(0).
6
Let z(u) = -u**3 - 6*u**2 - 6*u. Let m be 57/9 - 5/15. Let i(v) = 2*v - 12. Let p be i(m). Suppose p = 6*g - 0*g + 30. Calculate z(g).
5
Let p = 2377 - 2370. Let k(o) = o**2 - 4*o - 22. Calculate k(p).
-1
Let y(h) be the first derivative of -h**4/4 + 2*h**3/3 - h**2 - 2*h + 8. Suppose -4*u + 23 = 5*w, -28*u + 24*u - 2*w + 14 = 0. Calculate y(u).
-6
Let x = -199 + 204. Let z(o) be the first derivative of o**2/2 - 9*o + 23. Determine z(x).
-4
Suppose -31 = -5*a + 4*p, -3*a + 20*p = 26*p + 15. Let b(u) be the second derivative of 26*u + 1/12*u**4 - 7/2*u**2 + 0 + 5/6*u**a. Give b(-7).
7
Let a(g) = 108*g + 1121. Let y(v) = 42*v + 448. Let m(k) = 2*a(k) - 5*y(k). Let o be (-1)/(-2) + 7/(-2). Determine m(o).
-16
Let u(r) = 3*r + 20. Let c be u(-6). Suppose 2*n - 7 = -3*q, 4 = q + n + c. Suppose -5*y = -q*y - 14. Let f(o) = -o**3 + 7*o**2 + 2*o - 9. What is f(y)?
5
Let b(c) be the third derivative of c**4/12 - c**3/6 - 2*c**2. Let a = 21220 - 21227. Calculate b(a).
-15
Let r(l) be the first derivative of -l**2/2 + 5*l - 4. Let v(n) = -2*n**3 - 20*n**2 - 45*n - 15. Let z be v(-7). Give r(z).
-1
Suppose 9*f - 6*f = -3*s, -4 = -3*s - 2*f. Let x(t) = -10*t + 41. Give x(s).
1
Let t = -20757 - -20752. Let p(k) = 39*k + 200. What is p(t)?
5
Suppose -120*w + 5*w + 1840 = 0. Let r(l) = -l**3 + 19*l**2 - 46*l - 27. What is r(w)?
5
Let c(y) = y**3 - 10*y**2 + 9*y + 9. Let o be c(9). Let w(a) = a - 13 - 11 + 30 - o. Calculate w(6).
3
Let w be 4/(-6)*(-1)/(12/18). Let g(b) be the first derivative of 5*b**2 - b + 17. What is g(w)?
9
Suppose -4*c = c. Suppose 5*k - 3*k + 6 = c. Let t(p) = 3*p**2 + 2*p - 3. Let l(j) = j**2 - j. Let d(n) = 2*l(n) - t(n). Calculate d(k).
6
Let y(i) = -13*i**3 - 27*i**2 + 32*i - 20. Let j(c) = -2*c**3 - 2*c**2 + c + 1. Let l(b) = -7*j(b) + y(b). Calculate l(11).
6
Suppose -g + 3*g - 2*s - 8 = 0, 5*s = 2*g - 23. Let z be (6/30 + g/5)/(-1). Let w(p) = -43*p + z - 3 + 2 + 41*p. What is w(-4)?
7
Suppose -5*q = -3*q. Suppose q = 4*d - 2*d + 10. Let k(x) = -113*x. Let w(t) = 622*t + 1. Let r(b) = -22*k(b) - 4*w(b). Give r(d).
6
Suppose -2*l = x - 11, -l + 1 - 13 = 4*x. Let y = 0 + -2. Let u be 0 - y/(-6)*(8 - l). Let s(r) = r - 17. What is s(u)?
-17
Let m = -800 - -801. Suppose 96 - m = 19*u. Let j(t) = 12*t - 3. What is j(u)?
57
Suppose g - 35 - 15 = 4*z, 0 = 2*g + 4. Let r(l) = -l**2 - 7*l + 15. Determine r(z).
-63
Suppose 0 = -5*s - f - 1283, 0 = -0*s + s + 5*f + 271. Let k = s - -254. Let o(r) = -r**3 - 3*r**2 - 2*r - 3. Give o(k).
-3
Let y be (4/1 - (24 + -21)) + 78. Let n(c) = 136*c**2 - y*c**2 - 58*c**2 + 10 - 13*c. Calculate n(-13).
10
Let w(p) be the second derivative of -5*p**3/6 + 25*p**2/2 - 9*p - 3. Let j be w(4). Let m(a) = -a + 12. Determine m(j).
7
Suppose -15*y - 46 = 4*i - 5*y, i + 5*y + 24 = 0. Let l(c) = 37*c. What is l(i)?
37
Let m(u) = 1607473*u - 2 - 1607454*u - 3. Give m(-1).
-24
Let i be (3 - (-11)/(-4)) + 7/(-84)*-21. Let t(c) be the first derivative of 3*c - 1/3*c**3 + 4 - i*c**2 + 1/4*c**4. Determine t(2).
-1
Let t(i) = 10*i - 79. Let g be t(-22). Let y = g + 298. Let m(r) = 11*r**2 + r. Give m(y).
10
Let v(l) = l**2 - l + 2. Let k be (-1 - -4) + (2/2)/1. Suppose 0 = -i + k*h, 3*h = -3*i + i. Determine v(i).
2
Let u(y) = -5*y**3 + 11*y**2 - 71*y - 12. Let n(o) = 4*o**3 - 8*o**2 + 55*o + 9. Let l(v) = 9*n(v) + 7*u(v). Suppose 0 = -9*i + 4*i - 30. Calculate l(i).
-27
Let b be (-172)/(-43)*(-66)/(-24). Let p(i) = -8*i + 42. Determine p(b).
-46
Let i(r) = 4*r**3 - 1 + 0*r**3 + 1150*r**2 + 42*r - 1163*r**2 - 3*r**3. Calculate i(8).
15
Let a(f) = f**3 - 6*f**2 - 6. Suppose -33 - 9 = -2*x - 5*o, -4*x = 2*o - 36. Give a(x).
-6
Let o = 6 + -1. Let u(z) = 3*z - 4. Let a(s) = 2*s - 3. Let c(p) = o*u(p) - 8*a(p). Suppose -17 + 27 = 2*r + 5*g, 5*r + 2*g = 4. Give c(r).
4
Let y(w) = -2*w**2 - 4. Let l(i) = -i**3 - 18*i**2 + 26*i + 131.